4 - j/9.
3, 7
List the prime factors of 9643/(9/(54/20) + (-77)/33).
9643
Let l(p) = -44*p + 2*p**2 + 3*p**2 + 25 + 52*p. What are the prime factors of l(-4)?
73
Suppose -77*y = -70*y - 756. Suppose -y*t + 270 = -105*t. List the prime factors of t.
2, 3, 5
Let w(j) = 2*j**3 - 43*j**2 - 115*j - 12. Let g(k) = k**3 - 14*k**2 - 38*k - 4. Let d(x) = -11*g(x) + 4*w(x). What are the prime factors of d(-9)?
1103
Suppose -1024*q + 1032*q = 57568. What are the prime factors of q?
2, 7, 257
Suppose -8910 + 30897 = -21*h. Let g = -213 - h. List the prime factors of g.
2, 3, 139
Suppose 87399 = -20*u + 445016 + 603323. List the prime factors of u.
23, 2089
Let k(g) = 15*g**2 + 148*g - 1499. List the prime factors of k(52).
46757
Suppose 91*b = 66*b + 75. Suppose -b*n + t = 83 - 391, -2*n + 212 = t. List the prime factors of n.
2, 13
Let q = 143731 + -94407. What are the prime factors of q?
2, 11, 19, 59
List the prime factors of (-16)/(-20)*51351570/648.
63397
Suppose 2*p + 60 = 5*k, -9*k - 2*p - 18 = -11*k. Suppose k*g = 6*g + 9744. What are the prime factors of g?
2, 3, 7, 29
Let i = 24 + -16. Suppose 13*w = i*w + 1925. List the prime factors of w.
5, 7, 11
What are the prime factors of (-596106)/(-996)*8/6?
2, 3, 7, 19
Let z = 21 - 9. Let h(v) = v + 3. Let k be h(3). List the prime factors of 542/z - 1/k.
3, 5
Let f = -1296 + 733. Let p = f - -644. List the prime factors of p.
3
Let a be (0 - 1)*((-140)/(-10) - 13). Let o(l) = -3*l - 5. Let m be o(-7). List the prime factors of (a - -3)/(m/184).
23
Let t(p) be the second derivative of p**5/20 - p**4/12 - p**3/3 + 2*p**2 - 2*p + 5. Suppose 16 = -0*i + 4*i. What are the prime factors of t(i)?
2, 11
Suppose -j - 2*q = -9291, 4*j + 41*q - 36*q - 37155 = 0. What are the prime factors of j?
3, 5, 619
Let r(p) = -229*p + 516. What are the prime factors of r(-38)?
2, 11, 419
Let a(l) = 3*l**2 + 2*l + 2. Let q be a(-1). Suppose -q*t = t + 4. What are the prime factors of 432/((-3)/t) - -4?
2, 37
Let l = -19793 + 33029. What are the prime factors of l?
2, 3, 1103
Let r be (-26)/(-3) + (-24)/36. Suppose -4*x = -n + r, 4*n - 2*x + 4 = -6. What are the prime factors of (n - (-22)/6)*-231?
7, 11
What are the prime factors of (2/(-2)*4073)/(-16 + 6 - -9)?
4073
Suppose -38309 = 42*n - 46*n + p, 5*n - 47890 = 5*p. What are the prime factors of n?
61, 157
Suppose -686 = -3*w - s, 0 = -w + 2*s + s + 242. Suppose -w = -13*r + 2734. What are the prime factors of r?
2, 3, 19
What are the prime factors of ((-264)/12 - 2)/(3/(-340))?
2, 5, 17
Let n = -114 - -120. What are the prime factors of (-4 - -1)*8/n - -22?
2, 3
Suppose 34708 = 7*z - 145920. What are the prime factors of z?
2, 6451
Suppose 0 = 20*u - 19*u + 2*d - 3317, 2*u - 6620 = 3*d. What are the prime factors of u?
3313
Let m(g) = -10*g - 60. Let r be m(-11). Let f be 727/5 - 5/r*4. What are the prime factors of f/4 + (4 - 68/16)?
2, 3
Let j = 66006 - 17002. What are the prime factors of j?
2, 12251
What are the prime factors of (435/(-145))/((-6)/4516)?
2, 1129
Suppose 5*n = 2*f - 0*f - 8, -f - 3*n + 15 = 0. Let q(z) = -111*z**2 + f + 53*z**2 + z + 57*z**2 + z**3. List the prime factors of q(4).
61
Suppose -4*q + 13 + 27 = 4*f, 3*f - 2*q = 5. What are the prime factors of 79 + (8 - f) + 6/2?
5, 17
Suppose -f = -15*a + 10*a - 5960, -3*a = -3*f + 17868. What are the prime factors of f?
3, 5, 397
Suppose 18*k + 28*k + 284928 = 943234. What are the prime factors of k?
11, 1301
What are the prime factors of 9191/(-429)*-646 - (-2)/(-33)?
2, 5, 173
Let c(y) = -124*y**3 - 50*y**2 - 371*y + 23. List the prime factors of c(-7).
2, 3, 11, 647
Let v(m) = 3930*m**3 + 15*m**2 - 15*m + 5. What are the prime factors of v(1)?
5, 787
Let w(i) = -7 - 10 - 12 + 21*i - 11. What are the prime factors of w(5)?
5, 13
Let n be (-9422)/(-56) - 2/8. Suppose 1683 = 5*c + n. Suppose -2*p = 3*d + p - c, -d = 3*p - 93. What are the prime factors of d?
3, 5, 7
Suppose -b + h + 14 = 0, 0*b = -2*b + 3*h + 30. Suppose y + 2*q = -9, -2*q = -2*y + 4*y + b. Let m(g) = -28*g + 9. What are the prime factors of m(y)?
3, 31
Let x(h) = -6*h**3 + 13*h**2 - 6*h - 83. What are the prime factors of x(-15)?
2, 67, 173
Suppose 4 = 571*n - 570*n. Suppose -1146 = -w + m + 2*m, 0 = n*m - 16. List the prime factors of w.
2, 3, 193
Let f be 6/36 - 31497/(-18). Let s = 584 + f. Suppose 0 = 14*q - 494 - s. List the prime factors of q.
2, 101
Suppose 3*s - 189868 = 2*k, 3*k - 32848 - 30423 = -s. What are the prime factors of s?
2, 31643
Let z(u) = -16580*u**3 - u**2 + 12*u + 9. List the prime factors of z(-1).
2, 7, 37
Suppose 0 = -5*w - n + 11102, 0 = -3*n + 11 - 5. Suppose -2*l = 4*x + l - w, -5*l = -4*x + 2220. List the prime factors of x.
3, 5, 37
Suppose -21*l + 1334721 - 373362 = 0. List the prime factors of l.
45779
Let p = -7075 + 3890. What are the prime factors of (1/(-3))/(p/3180 - -1)?
2, 53
Suppose 0 = -9*l + 7*l - 2. Let j = 5 - l. Let v(m) = -m**2 + 12*m - 10. List the prime factors of v(j).
2, 13
Let v(q) = 159*q - 199. Let x be v(9). Let g = 705 + x. What are the prime factors of g?
13, 149
What are the prime factors of (1426/(-372) - -4*1) + 530313/18?
2, 14731
Suppose -a - 2*o + 19710 = 0, a - 2*o = 10596 + 9090. What are the prime factors of a?
2, 3, 7, 67
Let t(j) = 5*j**2 - 432*j - 1590. What are the prime factors of t(110)?
2, 5, 17, 67
Let p(i) = i**3 - 20*i**2 - 232*i + 5158. What are the prime factors of p(25)?
13, 191
Let k be (4976/(-12))/((-10)/(-15) - 1). Suppose 47*p = 43*p + k. Suppose m = 3*q - p, -5*q + 3*m + 500 = 5*m. List the prime factors of q.
2, 3, 17
Suppose 42661*a + 156654 = 42670*a. What are the prime factors of a?
2, 3, 967
Let r(x) = 8 - 19 - 26*x - 61. What are the prime factors of r(-13)?
2, 7, 19
Suppose 2*o + 10 = 5*j, -4*o = 4*j + o - 41. Suppose -j*k - 7 = 5, -2892 = -2*d + 2*k. What are the prime factors of d?
3, 13, 37
Let w = 32545 + -7859. What are the prime factors of w?
2, 12343
Let l(d) = 48*d**2 - 133*d - 14. List the prime factors of l(-16).
2, 19, 379
Let v(r) = 7*r + 24. Let t be v(5). Suppose -67*m + 3016 = -t*m. What are the prime factors of m?
13, 29
Suppose 3*o + 282483 = 6*u, -o = -18*u + 19*u - 47079. List the prime factors of u.
2, 5, 11, 107
Suppose 5*r = -k + 22, k = 4*r - 5*r + 6. Let m be 1/k*(33 - 3). Let v = 6 + m. List the prime factors of v.
3, 7
Suppose 59*c - 71*c = -14064. List the prime factors of c.
2, 293
Let i(y) = 19*y - 1 - 26*y**3 - 6*y**2 + 27*y**3 + 3*y**2. What are the prime factors of i(6)?
13, 17
Let r = -103 - -105. Suppose r*d + 0*z - 769 = 5*z, 4*d + 3*z = 1577. Suppose 5*f - 980 = -2*t - 3*t, 4*t = -2*f + d. What are the prime factors of f?
2, 7
Let j(g) = -56*g - 96. Suppose 2*u + 18 = o, 2*o = 5*u - 2*u + 25. List the prime factors of j(u).
2, 5, 13
Let y = -332 - -290. Let t = y - -1051. List the prime factors of t.
1009
Let i be 6/((-3324)/(-414) + -8). Suppose -g + i = -2*n, g + 2*g - 3*n = 636. What are the prime factors of g?
7, 31
Let b(p) = -p**2 - 2*p + 694. Suppose 43*t = 17*t. What are the prime factors of b(t)?
2, 347
Let d be ((-66)/12)/(1/6). Let j be 18*(-3)/(-6)*(-2 - d). Suppose 0 = 4*s - j - 477. What are the prime factors of s?
3, 7
Let y = 29 + 130. Let l = y + -91. Let w = l + -26. What are the prime factors of w?
2, 3, 7
Let c = -655 - -694. Suppose -45*p = -c*p - 8784. List the prime factors of p.
2, 3, 61
Suppose 5 = 2*q - 1. Let g be 1239/3 + 0 + q. List the prime factors of (-4)/6 + (-7)/((-84)/g).
2, 17
Let o(j) = -j + 4*j - 6 + 7*j. Suppose 8*l - 13*l + 3*y + 21 = 0, 3*l - 2*y - 12 = 0. List the prime factors of o(l).
2, 3
Let m be (-2)/11 + (-1500)/220. Let c(q) = -39*q + 104. What are the prime factors of c(m)?
13, 29
Let p = 98837 - 22463. List the prime factors of p.
2, 3, 4243
Let w = 103 + -105. What are the prime factors of w - (-2 + -5) - -633?
2, 11, 29
Let x(s) = s**2 + 8*s + 14. Let m be x(-6). Let u be (-9)/m*(-78)/9. Let w = 145 - u. List the prime factors of w.
2, 53
Let w = -18 - -59. Let m be w*(4 - 6 - -3). Suppose -f - r + m = 0, -5*r + 165 + 4 = 4*f. What are the prime factors of f?
2, 3
Let d = -26843 + 54902. List the prime factors of d.
3, 47, 199
Let o(c) = 4*c - 3. Let u be o(-3). Let y(s) be the third derivative of -s**4/6 - 23*s**3/6 - 45*s**2 + 1. List the prime fa